 648889626 and 1071?
357
What is the greatest common divisor of 1533 and 276561303?
219
What is the highest common divisor of 1474082499 and 87?
87
What is the highest common divisor of 21629960 and 41965?
5995
What is the greatest common divisor of 1626335001 and 131?
131
What is the highest common divisor of 7399450 and 33200?
4150
Calculate the greatest common divisor of 687080 and 234782.
178
Calculate the highest common divisor of 2289 and 713916.
21
What is the highest common divisor of 8376 and 838056?
24
What is the greatest common factor of 5228972 and 2020?
404
What is the greatest common divisor of 526 and 817268818?
526
What is the greatest common factor of 40427802 and 414?
18
What is the greatest common divisor of 247453 and 102017?
353
Calculate the greatest common factor of 2734771 and 39.
13
What is the greatest common divisor of 49071385 and 645?
215
What is the highest common factor of 39 and 919226763?
39
Calculate the greatest common factor of 2730525 and 6672883.
5201
What is the highest common factor of 216746 and 5742?
58
Calculate the highest common divisor of 7420096 and 19368.
2152
What is the greatest common divisor of 6336 and 5123448?
792
What is the greatest common factor of 1302 and 36350538?
1302
Calculate the highest common factor of 856280752 and 2584.
2584
What is the highest common divisor of 5160 and 1488120?
120
Calculate the greatest common factor of 144296 and 34136.
136
Calculate the greatest common factor of 50 and 3465175.
25
Calculate the greatest common factor of 6754 and 942490.
614
What is the highest common factor of 17587 and 910843?
409
Calculate the highest common factor of 3336 and 123135.
3
Calculate the greatest common divisor of 31650 and 354.
6
Calculate the greatest common divisor of 2157980 and 1054.
34
What is the highest common factor of 24 and 50517224?
8
Calculate the highest common factor of 1653345 and 491175.
1665
Calculate the highest common factor of 765180 and 26596.
436
Calculate the greatest common divisor of 12303434 and 572.
286
Calculate the highest common divisor of 2450222732 and 74.
74
What is the greatest common divisor of 10804528 and 182?
14
Calculate the greatest common factor of 1849005 and 858330.
765
Calculate the greatest common factor of 953568 and 13104.
1008
What is the greatest common divisor of 141062 and 3275048?
502
What is the highest common factor of 582000 and 73500?
1500
What is the greatest common divisor of 2364 and 226?
2
Calculate the highest common factor of 427 and 102018413.
427
What is the highest common factor of 165024 and 1933875?
5157
What is the greatest common divisor of 5123 and 338881?
109
What is the greatest common factor of 2730 and 2993550?
210
Calculate the highest common divisor of 17739 and 22041.
9
What is the highest common divisor of 104 and 19294048?
8
Calculate the greatest common factor of 1061298 and 3591.
63
What is the highest common divisor of 497256 and 11976?
24
Calculate the highest common factor of 8504529 and 132.
33
Calculate the greatest common divisor of 29993106 and 528.
66
Calculate the greatest common divisor of 151290 and 1962.
18
What is the highest common divisor of 20214117 and 2673?
891
What is the greatest common divisor of 25928 and 137032?
56
What is the greatest common factor of 124135150 and 50?
50
Calculate the highest common factor of 732 and 249080812.
244
What is the highest common factor of 244769 and 5696117?
511
Calculate the greatest common divisor of 20408887 and 2638.
1319
What is the greatest common divisor of 90675520 and 284?
284
Calculate the highest common divisor of 1334285 and 1643740.
295
Calculate the highest common factor of 112896 and 6464880.
144
Calculate the highest common divisor of 1086669 and 186534.
2169
What is the greatest common factor of 4062891 and 26691?
651
What is the greatest common factor of 39010082 and 13634?
802
Calculate the highest common factor of 54788356 and 3464.
1732
What is the greatest common divisor of 493543732 and 66?
22
What is the highest common factor of 166966024 and 56?
8
What is the greatest common divisor of 928 and 890735?
29
Calculate the greatest common factor of 140 and 23592730.
70
Calculate the highest common divisor of 37563 and 2451.
57
Calculate the greatest common factor of 360 and 830480.
40
What is the greatest common divisor of 965068068 and 142?
142
Calculate the highest common divisor of 192588 and 3894.
66
What is the greatest common factor of 58960 and 35359920?
5360
What is the greatest common factor of 92265320 and 3080?
280
What is the highest common divisor of 128275318 and 1902?
634
What is the greatest common divisor of 65007 and 248868?
279
Calculate the highest common divisor of 173452 and 237518.
206
Calculate the highest common divisor of 201 and 1761273.
3
Calculate the greatest common factor of 493407 and 2482.
73
What is the highest common factor of 8624745 and 27405?
3915
Calculate the greatest common factor of 2776536 and 11907.
441
What is the greatest common factor of 42 and 26819016?
42
Calculate the highest common divisor of 158 and 649228794.
158
Calculate the highest common factor of 2330 and 2638725.
1165
What is the highest common factor of 965 and 9910357?
193
Calculate the highest common factor of 27832165 and 5.
5
Calculate the highest common factor of 21 and 38825661.
21
What is the highest common divisor of 1240282 and 154432?
4826
Calculate the greatest common factor of 1495889 and 57.
19
What is the greatest common divisor of 130 and 33320742?
26
Calculate the greatest common factor of 11083621 and 4113.
457
What is the greatest common factor of 732 and 509403192?
732
What is the highest common factor of 82525565 and 2635?
2635
What is the highest common divisor of 3235380 and 3720?
60
Calculate the highest common divisor of 86506 and 86518358.
12358
Calculate the greatest common factor of 67300608 and 6912.
768
What is the greatest common factor of 76447 and 175714?
1141
Calculate the highest common factor of 7000 and 355769400.
1400
Calculate the highest common divisor of 29021223 and 1022.
511
Calculate the greatest common divisor of 8184 and 37202616.
264
Calculate the greatest common divisor of 95663 and 43066.
353
What is the greatest common divisor of 12803899 and 3392?
53
Calculate the highest common divisor of 637 and 178709167.
91
What is the highest common divisor of 3065 and 292095?
5
What is the greatest common factor of 10893937 and 261?
29
What is the greatest common factor of 84 and 1266069?
21
What is the highest common factor of 25 and 505637475?
25
Calculate the greatest common factor of 26 and 5463406.
26
What is the greatest common factor of 113826803 and 1459?
1459
Calculate the greatest common divisor of 37289 and 83053257.
5327
Calculate the greatest common factor of 54996000 and 64.
32
What is the highest common divisor of 226950 and 10455?
255
What is the highest common divisor of 74444 and 9936765?
503
Calculate the highest common divisor of 2738 and 1175765650.
2738
Calculate the highest common divisor of 84063960 and 3324.
3324
What is the greatest common divisor of 3691 and 307?
1
What is the greatest common divisor of 22297 and 129481?
11
What is the highest common divisor of 32 and 62491928?
8
What is the highest common divisor of 19409323 and 58?
29
What is the highest common divisor of 11294271 and 72?
9
Calculate the highest common divisor of 117570 and 22500.
30
Calculate the highest common factor of 1424216638 and 2678.
2678
What is the highest common factor of 52045119 and 42?
21
Calculate the greatest common factor of 253503184 and 21616.
3088
What is the greatest common factor of 360492 and 46068?
132
Calculate the greatest common factor of 68 and 134045.
17
Calculate the highest common divisor of 1548294 and 12.
6
Calculate the highest common factor of 1551550 and 1540.
770
Calculate the greatest common factor of 14453520 and 1840.
80
What is the highest common divisor of 892 and 41896571?
223
What is the greatest common divisor of 5346984 and 120?
24
Calculate the highest common factor of 36 and 5704044.
12
Calculate the greatest common factor of 1063214 and 442.
34
Calculate the greatest common factor of 405259 and 10498.
181
What is the highes